Let u be ((-13)/(390/72))/((-6)/20). Calculate the greatest common factor of 88 and u.
8
Let g(n) = 3*n**2 + 36*n + 111. Let m be g(-9). Let o be 1/(-3) + 272/6. What is the highest common factor of m and o?
15
Suppose 4*s - 836 = 2*z, s + 5*z - 9*z = 202. Calculate the greatest common factor of 20 and s.
10
Suppose 714 + 963 = 3*u. What is the greatest common factor of u and 43?
43
Let f be 0 + (-4 - (-2 - 1)). Let h be -1 + f - -35 - -3. Let p = -14 + h. What is the greatest common divisor of p and 22?
22
Suppose -3*z + 10*z = 1568. What is the greatest common divisor of 14 and z?
14
Let z(p) = p**3 + 4*p**2 + 11. Let v be z(-4). Suppose -144 - 32 = -4*f. Calculate the highest common factor of f and v.
11
Let q be (6/(-4))/((-12)/(-464)). Let z be -2 - 16/(-4) - q. What is the highest common divisor of 40 and z?
20
Let g(u) = u**2 + 5*u + 6. Let k be g(-3). Let s = 24 + k. What is the greatest common factor of s and 12?
12
Suppose -2*k + r = 6*r - 7, -k + 5*r = 4. Let q(y) = y**2 + 1. Let d be q(2). Calculate the highest common divisor of d and k.
1
Let h(o) = 4*o**2 - 6*o - 34. Let z be h(8). Calculate the greatest common divisor of 12 and z.
6
Let j be 450/(-135)*((-126)/10 + 0). Calculate the highest common factor of j and 24.
6
Let s(z) = 10*z**3 - 5*z**2 + 4*z. Let f be s(1). Let y be 1/(4*(-2)/(-576)). What is the greatest common factor of y and f?
9
Let l = 5 + 24. Calculate the highest common divisor of 841 and l.
29
Let v be (-1150)/(-16) + -2 + 102/48. What is the highest common divisor of v and 396?
36
Let i(s) = -s**3 + 12*s**2 - 12*s + 5. Let x be i(8). Let q = 9 + 5. Suppose -q*w + 180 = -2*w. What is the highest common divisor of w and x?
15
Let f = 231 - 153. Calculate the greatest common factor of f and 130.
26
Suppose 0 = 7*o - 3*o - 8. Let g(l) = -l**3 - 8*l**2 + l + 7. Let t be g(-8). Let k be (o - t) + (-244)/(-4). Calculate the highest common factor of k and 16.
16
Let m = 4 + 1. Let q(s) = s**3 + 5*s**2 - 7*s - 3. Let f be q(-6). Suppose 3 = -w - f*t + 2, 2*w - 2 = -4*t. What is the highest common factor of w and m?
5
Suppose 3*h = 168 + 285. Suppose -h = -3*f + 113. What is the greatest common divisor of 8 and f?
8
Let a = 2 + -2. Suppose a = -3*t + 3*n - 4*n + 311, -2*t + 2*n + 218 = 0. Let s be (-1 - 1 - -5)*-7*-2. What is the highest common divisor of t and s?
21
Let b = 36 - 22. Suppose -h + b = 5. Suppose 8*q = -33 + 249. Calculate the greatest common factor of q and h.
9
Suppose 0 = -4*w - 2*n + 606, 5*w = 2*n + 296 + 448. Let f be 4/((32/w)/8). What is the highest common factor of 6 and f?
6
Suppose -5*n + 52 + 18 = 0. Let b = 39 - 9. Let w = b + n. What is the greatest common factor of 22 and w?
22
Let m be 40/(-5) - (-1012)/11. Calculate the highest common divisor of m and 156.
12
Let o be 4/(-10) - ((-28692)/(-30))/(-6). What is the highest common divisor of o and 53?
53
Suppose -25*f + 13*f = -588. Calculate the highest common factor of 441 and f.
49
Let z(b) = -b**2 - 6*b - 4. Let t be z(-6). Let p be 1 + ((-64)/t)/4. Suppose -4*r + 3*r + 5 = 0. What is the highest common divisor of r and p?
5
Let y(v) = 2*v**2 + 5*v - 6. Let o be y(-3). Let h = o - -16. What is the highest common factor of 143 and h?
13
Let k = -119 - -209. Calculate the greatest common factor of k and 30.
30
Suppose -w - 4*w + 70 = 0. Suppose 204 = s - 0*p - 2*p, 192 = s - 5*p. Suppose -4*z = 2*q - s - 170, 20 = -4*q. What is the highest common divisor of w and z?
14
Suppose -2*x = -x + 3*s + 10, -4*x + 4 = s. Let d = x + 1. Let g = -2145 + 2148. What is the highest common divisor of d and g?
3
Let t(d) = 2*d**2 - 30*d + 157. Let o be t(9). What is the greatest common divisor of 931 and o?
49
Suppose -822 = -2*a + g, -g + 175 = a - 233. What is the highest common divisor of a and 10?
10
Let d = 50 + -22. Let s = -141 + 393. What is the greatest common factor of d and s?
28
Suppose 0*p - 410 = -2*c + 4*p, -p = -4*c + 834. Suppose 224 = 5*z - 3*f, -f - f + c = 5*z. Calculate the highest common divisor of 43 and z.
43
Suppose 0*f = -l - f - 29, 5*f = -2*l - 61. Let h = l - -48. What is the highest common factor of h and 5?
5
Suppose -3*w = 32 - 5. Let a = w - -13. Let s be (-4)/a*(-1 + 0). Calculate the highest common factor of 9 and s.
1
Suppose l - 5*l + 660 = 0. Suppose -221 = -10*m + 49. Suppose -78 = -7*b + m. Calculate the greatest common divisor of l and b.
15
Suppose -5*v = -2*d - 28 - 21, 0 = -2*v + d + 20. Let t = v - -1. What is the greatest common divisor of t and 20?
10
Let g be (-6*(-12 - -13))/(2/(-3)). Let c be (6/4)/((-7)/(-14)). Calculate the highest common divisor of g and c.
3
Let q = -3 + 6. Suppose 3*t = 12, 4*j - 3 - 1 = -t. Suppose q*d + j*d = 297. Calculate the greatest common factor of d and 11.
11
Let m = -364 + 373. What is the highest common factor of 9 and m?
9
Let x(d) = -d**3 + 17*d**2 - 21*d + 42. Let p be x(14). Suppose -s + 38 = i - 2*i, 0 = 4*s + i - 172. What is the greatest common divisor of s and p?
42
Let l(a) = 163*a - 20. Let k be l(7). Calculate the highest common divisor of k and 19.
19
Let l = 18 + -13. Suppose 0 = -i - 2*q + 22, l*q = 3*q. Let g be (-3)/2 + 913/i. What is the highest common divisor of g and 16?
8
Suppose 2*q + 1 = 11. Calculate the greatest common factor of q and 65.
5
Suppose 9 = 13*a - 56. Suppose 133 = 2*y + a*s, 0*s - 4*s = 4*y - 284. What is the highest common factor of y and 185?
37
Let v(j) = 6*j**2 + 5*j + 2. Let q be v(-1). Let x = -2 - -8. Calculate the greatest common divisor of q and x.
3
Let z(u) be the third derivative of 0 + 0*u**3 - 5*u**2 + 0*u - 1/12*u**4. Let g be z(-5). Calculate the highest common factor of g and 20.
10
Let l(p) = 6*p**3 - 3*p + 2. Let a be l(1). Suppose -6*k - 3*h = -4*k - 12, -a*k - 4*h = -23. What is the greatest common divisor of 27 and k?
3
Let p(h) be the second derivative of h**4/3 - 5*h**3/3 + 27*h**2/2 + 2*h + 12. Let b be p(-8). Calculate the greatest common factor of b and 33.
33
Let v(j) = -j**3 - 12*j**2 + j + 17. Let t be v(-12). Let o = -430 + 470. What is the highest common divisor of t and o?
5
Let s = 21 - 16. Suppose -3*i + s*y + 64 = 0, 50 = 5*i - 2*i + 2*y. Calculate the greatest common factor of 27 and i.
9
Suppose 0*v = 9*v - 288. Calculate the greatest common divisor of 32 and v.
32
Suppose -4*b = -b + 15. Let a = b - -23. Let n(v) = -2*v + 4. Let i be n(1). Calculate the highest common divisor of a and i.
2
Let t = -51 + 52. What is the greatest common divisor of t and 32?
1
Let v(o) = -o**2 - 16*o - 18. Let f be v(-15). Let s be (4/(-6))/(f/162). Suppose 498 = 2*p + s. Calculate the highest common divisor of p and 33.
33
Let o = 3 + 13. Suppose -496 = -5*q + 74. Suppose -3*z = -5*h + q, 5*z = -4*h + 10 + 96. Calculate the greatest common factor of h and o.
8
Suppose -6*i - 38 + 140 = 0. Let m(d) = -d**3 + 16*d**2 + 16*d + 42. Let k be m(i). What is the highest common divisor of 50 and k?
25
Let j(b) = -b**3 + 29*b**2 - 27*b + 17. Let i be j(28). Suppose 5*z + 3*q = -27, 3*q = -q + 4. Let y = z - -11. Calculate the highest common divisor of i and y.
5
Let j be (-384)/(-10) + (-12)/30. Calculate the greatest common factor of j and 76.
38
Suppose 456 = 5*m - 5*c - 194, 0 = -4*c - 20. What is the greatest common factor of 100 and m?
25
Let d = -31 + 21. Let p = 18 - d. Calculate the greatest common factor of p and 7.
7
Let k be 36/4*(-1 - -2). Suppose -k = 4*c - 65. What is the greatest common divisor of c and 70?
14
Suppose 31*r - 32*r = -5*v + 417, 4*r + 156 = 2*v. What is the greatest common divisor of v and 49?
7
Let v(g) = 6*g + 10*g + 11 + 10 + g**2. Let d be v(-14). Let b = 11 + d. What is the highest common divisor of b and 28?
4
Let p be 0 - -8 - (7 + -2). What is the highest common divisor of 9 and p?
3
Let l be (-108)/(-21)*294/9. Let s = 279 - l. What is the highest common factor of 74 and s?
37
Let p = 1080 + -805. Suppose -48 - 2 = -2*f. What is the greatest common factor of f and p?
25
Let x = 2 + -1. Suppose z - 4*t = -2*z - 236, -t - 172 = 2*z. Let s = -79 - z. Calculate the highest common divisor of s and x.
1
Suppose 161*q = 151*q + 300. Let d = 0 + 15. Calculate the greatest common factor of d and q.
15
Let q(k) = 6*k**2 - 27*k + 127. Let c be q(5). What is the highest common factor of 4 and c?
